35267
What are the prime factors of 469206497?
43, 10911779
List the prime factors of 48928200.
2, 3, 5, 81547
List the prime factors of 2917177253.
67, 43539959
List the prime factors of 3277834.
2, 7, 234131
What are the prime factors of 5129403022?
2, 107, 23969173
What are the prime factors of 175647634?
2, 87823817
List the prime factors of 85629216.
2, 3, 67, 13313
What are the prime factors of 2700124490?
2, 5, 7, 31, 431, 2887
What are the prime factors of 818331113?
83, 2609, 3779
List the prime factors of 4949542451.
7, 707077493
What are the prime factors of 1139317558?
2, 19, 23, 1303567
What are the prime factors of 2835033404?
2, 7, 101251193
What are the prime factors of 8925780?
2, 3, 5, 148763
List the prime factors of 1726765016.
2, 53, 4072559
What are the prime factors of 842024970?
2, 3, 5, 1039537
List the prime factors of 107306053.
19, 233, 24239
List the prime factors of 66309160.
2, 5, 1657729
What are the prime factors of 863908894?
2, 431954447
List the prime factors of 215996041.
53, 4075397
What are the prime factors of 959407666?
2, 7, 743, 92233
What are the prime factors of 132681710?
2, 5, 7, 23, 61, 193
What are the prime factors of 45798818?
2, 13, 1761493
List the prime factors of 4454523691.
5417, 822323
What are the prime factors of 124736685?
3, 5, 29, 286751
What are the prime factors of 1013443169?
173, 739, 7927
What are the prime factors of 55213144?
2, 7, 17, 59, 983
List the prime factors of 1031112931.
23, 47, 953851
List the prime factors of 7047745.
5, 1409549
List the prime factors of 1392385611.
3, 4481, 103577
What are the prime factors of 53798989?
53798989
What are the prime factors of 473200897?
13, 139, 307, 853
What are the prime factors of 79457913?
3, 67, 131771
What are the prime factors of 1342757896?
2, 2269, 73973
What are the prime factors of 58083969?
3, 19, 37, 27541
List the prime factors of 64536530.
2, 5, 1103, 5851
What are the prime factors of 26649191?
19, 1402589
List the prime factors of 313700394.
2, 3, 7, 43, 173699
What are the prime factors of 6860422741?
6860422741
What are the prime factors of 86015042?
2, 79, 544399
List the prime factors of 50832997.
101, 503297
What are the prime factors of 1385388?
2, 3, 29, 1327
What are the prime factors of 142574251?
142574251
List the prime factors of 6293444425.
5, 29, 8680613
What are the prime factors of 582809905?
5, 157, 331, 2243
What are the prime factors of 3850995427?
1481, 2600267
List the prime factors of 3026253789.
3, 13, 67, 386051
List the prime factors of 39453414.
2, 3, 7, 11, 13, 6569
What are the prime factors of 2321908623?
3, 19, 13578413
What are the prime factors of 600422092?
2, 317, 473519
What are the prime factors of 702380166?
2, 3, 863, 135647
What are the prime factors of 2954638044?
2, 3, 82073279
What are the prime factors of 48714051?
3, 31, 61, 277
What are the prime factors of 915586994?
2, 7, 65399071
List the prime factors of 103847869.
29, 1109, 3229
List the prime factors of 25981263.
3, 7, 11, 12497
List the prime factors of 20237847.
3, 7, 963707
List the prime factors of 999228477.
3, 13, 5011, 5113
List the prime factors of 1911345.
3, 5, 127423
What are the prime factors of 323274431?
17, 71, 267833
What are the prime factors of 1060495575?
3, 5, 1213, 11657
What are the prime factors of 471097?
11, 113, 379
List the prime factors of 42649461.
3, 929, 5101
List the prime factors of 3207541.
1237, 2593
What are the prime factors of 40539955?
5, 173, 46867
What are the prime factors of 46142035?
5, 263, 35089
List the prime factors of 167122228.
2, 7, 13, 459127
List the prime factors of 59782931.
13, 17, 157, 1723
List the prime factors of 575410237.
17, 47, 109, 6607
What are the prime factors of 3064063579?
59, 5101, 10181
List the prime factors of 65608448.
2, 227, 1129
What are the prime factors of 3022645541?
3022645541
What are the prime factors of 10161192?
2, 3, 83, 5101
What are the prime factors of 384687693?
3, 13, 349, 9421
List the prime factors of 2681245997.
211, 1777, 7151
What are the prime factors of 144480147?
3, 7, 61, 112787
What are the prime factors of 636902032?
2, 13, 271, 11299
What are the prime factors of 2257261630?
2, 5, 13, 23, 754937
List the prime factors of 738562107.
3, 461, 534029
List the prime factors of 97103288.
2, 43, 439, 643
List the prime factors of 42520577.
11, 149, 25943
What are the prime factors of 4520236161?
3, 7, 23, 9358667
List the prime factors of 3311632325.
5, 132465293
List the prime factors of 5332887600.
2, 3, 5, 821, 5413
List the prime factors of 55045616.
2, 41, 83911
List the prime factors of 513966431.
11, 97, 481693
List the prime factors of 323861796.
2, 3, 8996161
List the prime factors of 5381142.
2, 3, 13, 19, 3631
List the prime factors of 79555983.
3, 13, 19, 101, 1063
List the prime factors of 608386720.
2, 5, 3802417
What are the prime factors of 3869862542?
2, 7, 13, 157, 135433
What are the prime factors of 85998293?
1493, 57601
What are the prime factors of 3448884832?
2, 43, 461, 5437
List the prime factors of 132842540.
2, 5, 6642127
List the prime factors of 827801052.
2, 3, 13, 131, 40507
What are the prime factors of 262095162?
2, 3, 7, 61, 102301
List the prime factors of 2350403349.
3, 7, 43, 53, 67, 733
List the prime factors of 138881541.
3, 829, 55843
What are the prime factors of 478351749?
3, 11863, 13441
What are the prime factors of 24175486?
2, 19, 41, 59, 263
List the prime factors of 3792967.
3792967
What are the prime factors of 36268253?
7, 461, 11239
What are the prime factors of 116798164?
2, 7, 61, 9769
What are the prime factors of 1127464262?
2, 29, 19439039
What are the prime factors of 1234396975?
5, 7, 143953
What are the prime factors of 134899561?
29, 4651709
What are the prime factors of 86222594?
2, 31, 137, 10151
What are the prime factors of 789446673?
3, 87716297
What are the prime factors of 280306502?
2, 7, 757, 26449
What are the prime factors of 88183368?
2, 3, 7, 13, 43, 313
What are the prime factors of 32966055?
3, 5, 113, 2161
List the prime factors of 38402094.
2, 3, 6400349
What are the prime factors of 185342502?
2, 3, 67, 461051
List the prime factors of 1932002885.
5, 386400577
What are the prime factors of 405240462?
2, 3, 11, 643, 1061
List the prime factors of 248602791.
3, 23, 277, 13007
List the prime factors of 113514033.
3, 29, 31, 42089
What are the prime factors of 91086109?
83, 1097423
What are the prime factors of 33491724?
2, 3, 7, 398711
List the prime factors of 1548271244.
2, 13, 43, 16103
What are the prime factors of 2320753361?
2320753361
List the prime factors of 103873923.
3, 71, 162557
What are the prime factors of 85394181?
3, 31, 59, 79, 197
What are the prime factors of 108367454?
2, 13, 4167979
What are the prime factors of 261103819?
261103819
What are the prime factors of 37004648?
2, 17, 272093
What are the prime factors of 568025364?
2, 3, 1109, 42683
List the prime factors of 63102188.
2, 15775547
What are the prime factors of 2237307606?
2, 3, 1093, 113719
What are the prime factors of 109438141?
29, 193, 19553
What are the prime factors of 7695928206?
2, 3, 41, 3476029
List the prime factors of 127142002.
2, 13, 181, 27017
List the prime factors of 372420649.
17, 21907097
What are the prime factors of 207054911?
7, 373, 79301
List the prime factors of 337460474.
2, 13, 43, 301843
List the prime factors of 83323478.
2, 7, 67, 211, 421
What are the prime factors of 29425807?
29, 47, 21589
What are the prime factors of 96240745?
5, 433, 44453
List the prime factors of 2279439377.
79, 28853663
What are the prime factors of 999698413?
7, 17, 47, 3803
What are the prime factors of 3452696050?
2, 5, 1423, 48527
What are the prime factors of 2403343912?
2, 29, 1229, 8429
List the prime factors of 175976205.
3, 5, 29, 397, 1019
List the prime factors of 2083416385.
5, 17, 101, 242681
What are the prime factors of 2416885950?
2, 3, 5, 43, 97, 3863
What are the prime factors of 448147655?
5, 317, 337, 839
What are the prime factors of 6363094312?
2, 795386789
What are the prime factors of 129888281?
129888281
What are the prime factors of 400467968?
2, 195541
List the prime factors of 8535102377.
10789, 791093
List the prime factors o